 be -1*2 + j + -1. Let p(u) be the second derivative of -5*u**3/6 + 10*u - 3. Determine p(t).
-10
Let n be ((-2135)/60)/(-7) + -5. Let l(h) be the second derivative of 0 - 1/6*h**3 - 3*h + 1/20*h**5 - 2*h**2 - n*h**4. What is l(3)?
11
Let a = -10 - -16. Let d = a - 1. Suppose -d = 5*h + 10. Let s(x) = x**3 + 4*x**2 + x - 1. Determine s(h).
5
Let g(a) = 6*a**2 + 10*a - 7. Let s(p) = -p**2 - p + 1. Let o(c) = -g(c) - 5*s(c). Calculate o(-5).
2
Let x(l) = -l + 5. Let w(s) = s**2 + 9*s. Let y(n) = n**3 + 5*n**2 + n - 4. Suppose 0*i - 10 = 2*i. Let m be y(i). Let d be w(m). What is x(d)?
5
Let o be (-6)/(-45)*6*-5. Let g(l) = l**2 + 5*l - 3. Determine g(o).
-7
Let o(n) = -10*n**3 + 6*n**2 + 4*n - 4. Let k(b) = 3 - 2*b + 10*b**3 - b - 5*b**2 + 0*b. Suppose 0*u = -2*u + 10. Let l(j) = u*k(j) + 4*o(j). What is l(1)?
9
Let w be ((-6)/(-4))/((-3)/(-4)). Suppose -3*p + 4*z = -16, -p + w*z - 4*z = 8. Let f(k) = p*k - 3*k - 1 - k + 6*k. Calculate f(-3).
-7
Let d(y) = -3*y + 1. Let z be 1*(-2 + 1)*2. Let r be 0 + 0 + z + 5. Give d(r).
-8
Let b(n) = n. Let p(u) = 2*u - 1. Let q(h) = 5*b(h) - 3*p(h). Determine q(-3).
6
Let y(g) = -g**3 - 6*g**2 - 7*g - 4. Let j(q) = 9*q**3 - q**2. Let l be j(-1). Let k be (l/4)/((-1)/(-2)). What is y(k)?
6
Let i be ((-5)/(-5) - -3) + 0. Let z(p) = -p**3 + 5*p**2 - 4*p. Determine z(i).
0
Let n(v) = -4*v**2 + 6*v - 4. Let q(h) = -5*h**2 + 8*h - 5. Let o(d) = 4*n(d) - 3*q(d). Determine o(0).
-1
Let b(q) = -22*q**3 + 19*q**3 + 3*q + 0 - 1. Determine b(2).
-19
Let n(s) = s**3 + 3*s**2 - s + 3. Let j(l) = l**3 - 8*l**2 - 8*l - 4. Suppose q = 5 + 4. Let v be j(q). Let o = -8 + v. What is n(o)?
6
Let w(r) = -3*r**2 + 3*r**2 - r**2 + r. Suppose -9 = -k - 2*k. Let h = k + -3. Give w(h).
0
Let l(d) be the first derivative of d**4/4 + d**3 + d**2 + d - 3. Let u = 58 - 61. Calculate l(u).
-5
Let b(f) be the third derivative of -f**6/120 - 7*f**5/60 + f**4/8 + 2*f**3/3 - 4*f**2. Determine b(-7).
-17
Let v(h) = -h**2 + 5*h + 3. Let y be (-93)/12 + (-1)/4. Let g = y + 3. Let c be -1 + 4 - (g + 3). Determine v(c).
3
Let j = -29 + 27. Let d(x) = -2*x**3 - 3*x**2 + 2. Calculate d(j).
6
Let c(y) = 3*y**2 + 2*y - 2. Let v(l) = 10*l**2 + 7*l - 7. Let g(q) = 7*c(q) - 2*v(q). Let s be ((-2)/(-8))/(1/4). What is g(s)?
1
Let s(n) = 5*n**2 + 12*n - 11. Let t(o) = 2*o**2 + 4*o - 4. Let g(k) = -4*s(k) + 11*t(k). What is g(3)?
6
Let n(l) = -l**2 - 5*l - 2. Let v = -13 - -20. Suppose 0 = 4*r - 13 - v. Suppose r*t = -19 - 1. Give n(t).
2
Let q(d) be the third derivative of d**9/60480 + d**8/10080 + d**7/5040 + d**6/720 + d**5/60 - 2*d**2. Let s(v) be the third derivative of q(v). Give s(-1).
1
Let f(d) = -d**2 + 4*d - 4. Let z(p) be the third derivative of p**4/24 + p**3/3 + 10*p**2. Let x be z(2). What is f(x)?
-4
Suppose b + 4*i = 17, 5*i = -3*b + 4*b + 19. Let c(l) = 16*l - 7. Let x(w) = -32*w + 15. Let f(k) = 13*c(k) + 6*x(k). Determine f(b).
15
Suppose 0 = 5*g - j - 5, 0 = 5*g - 2*j + 3*j + 5. Let k(t) be the second derivative of 2*t - 1/2*t**2 + 1/6*t**4 + 1/4*t**5 + g*t**3 + 0. Calculate k(-1).
-4
Let p(x) be the second derivative of 5*x**4/12 + 8*x. Give p(-1).
5
Let w(a) = a**3 - 8*a**2 + 8*a - 6. Let d be w(7). Let s(r) = r**2 - 2*r**2 + 4*r + 8 - d + r. Let n = 7 - 2. Give s(n).
7
Let l(a) be the first derivative of a**2 - a + 19. Determine l(5).
9
Suppose -5*r - 2*v + 15 = -2*r, -5*r - 3*v = -25. Let l(t) = -t**3 + 4*t**2 + 3*t - 7. Determine l(r).
-17
Suppose 3*y = -4*o, 2 = 2*y - 2*o + 4*o. Let c(b) = -b**3 - 2*b**2 - b. Let t be c(-1). Let r(w) = -4 + t*w**3 + 3*w + w**3 - 5*w**2 + 2*w. What is r(y)?
0
Let m(t) = t - 2. Let z = 5 - 2. Calculate m(z).
1
Let v(o) = 2*o + 4*o**2 - 74 + o**2 + 78 - 3*o - o**3. Suppose p + 1 = 6. Calculate v(p).
-1
Let f(l) be the second derivative of -l**4/3 - l**2/2 + 18*l. Calculate f(1).
-5
Let g(q) = -q**3 + q**2 + q + 2. Let l = -3 + 42. Let b = 55 - l. Suppose 5*x - b = 2*r, -2*r - 3*x = r - 18. What is g(r)?
0
Let s be (-8)/(-14) + 4/(-7). Let u(k) = -1 + 15*k - 16*k - 2*k**2 + 5*k**2 + k**3 + s*k**3. Determine u(-3).
2
Let r(n) = -2 - 6*n + 2*n**2 + 3*n - 3*n**2 + 3. Determine r(-3).
1
Let t(f) be the second derivative of -11*f**5/20 + f**3/6 - 4*f. What is t(-1)?
10
Let r(o) = 4 - 19*o + 4*o + 11*o. Calculate r(-3).
16
Suppose 9*u + 21 = 3. Let z(b) be the first derivative of -b**4/2 - b**3/3 - b**2/2 + 1. Give z(u).
14
Let n = -3 + 3. Suppose n*p + p = -4*w, 5*w = -4*p. Suppose 3*k + 1 - 4 = p. Let z(c) = 8*c**3 - 2*c**2 + 1. Give z(k).
7
Suppose -3*z + 4*j - 8 = 0, -2*j + 3 + 3 = -z. Let p(y) = -y**3 + 5*y**2 - 5*y + 1. Give p(z).
-3
Let f(w) = -w**2 + w + 1. Suppose -g + 0 = -2. What is f(g)?
-1
Let f = -4 + 8. Let t be (-2)/f + (-5)/2. Let b(j) = 9*j + 5. Let c(n) = n + 1. Let x(z) = b(z) - 6*c(z). Give x(t).
-10
Let k(l) = -l**3 - l**2 + l + 1. Let j(y) = 4*y**3 - y**2 + y - 5. Let q(p) = -j(p) - 3*k(p). Suppose u + u = 4. What is q(u)?
2
Let b(h) = -h**3 + 6*h**2 - h + 11. Let l be b(6). Let g(k) = k**2 - 2*k - 1. Calculate g(l).
14
Let v(g) = -g + 8. Let j be v(10). Let k(c) = 2*c**3 + 3*c**2 + 4*c + 2. Calculate k(j).
-10
Let h(f) = -f + 11. Let m(y) = -y + 5. Let b(s) = 6*h(s) - 13*m(s). Give b(-2).
-13
Let n(x) be the first derivative of x**3/6 + 3*x + 3. Let s(r) be the first derivative of n(r). Calculate s(5).
5
Suppose 0 = -6*h + 8*h - 4. Let y be (20/15)/(h/6). Let x be 5 - (y - 1) - 4. Let f(w) = w**3 - w**2 - 2*w + 1. Calculate f(x).
-7
Suppose 3*h + 20 + 10 = -5*m, -12 = 4*m. Let p(c) = -c**3 + 9*c**2 - 8*c + 6. Let a be p(8). Let r(v) = -a*v + 3*v - 12 + v + v. Determine r(h).
-7
Let i be ((-5)/10)/(1/6). Let u(h) = 4*h**2 - 3 + 0 - h**3 + 5*h**3 - 2*h. Let c(m) = -9*m**3 - 8*m**2 + 3*m + 7. Let f(q) = i*c(q) - 7*u(q). What is f(-5)?
0
Let m = 18 + -13. Suppose -4*n - 12 = -m*z, 3*n + 8*z - 4*z = 22. Let u be n/6 + (-26)/6. Let t(b) = b**3 + 6*b**2 + 5*b - 4. Give t(u).
8
Let a(u) = -u**3 + 6*u**2 - 5*u - 2. Let t be a(5). Let n(k) = -5*k. What is n(t)?
10
Let v(s) be the second derivative of 5*s**4/12 + s**3/6 - s**2 + 9*s. Calculate v(-2).
16
Let u be ((-10)/15)/((-4)/78). Suppose -3*x + 4*z = 9*z - 37, -2*x - z = -u. Let w(q) = 0 + 2 + x*q - q**2 - 8 + 2. What is w(3)?
-1
Let z(q) = -7*q - 34. Let j(k) = -4*k - 18. Let u(v) = -5*j(v) + 3*z(v). Give u(0).
-12
Suppose a + 20 = -4*a. Let j(w) = w**2 + 4*w - 4. Determine j(a).
-4
Suppose 4 - 7 = -f. Let t(z) = -3 - f*z + 6 + 1 + 2*z. Give t(5).
-1
Let y be (-2)/((1 - 0) + 1). Let q(a) be the third derivative of a**6/360 - a**5/120 - a**3/3 + a**2. Let p(v) be the first derivative of q(v). Give p(y).
2
Let p(t) = -3*t**2 - 1052*t + 1048*t + 2*t**2 + 1. Determine p(-3).
4
Let y = 7 + -5. Let n be 2/7 + y/(-7). Let v(l) = -4*l + 3. Let h(t) = t - 1. Let z(k) = 3*h(k) + v(k). What is z(n)?
0
Suppose 16*j - 23 = 73. Let v(p) be the third derivative of 0*p - 5/6*p**3 + 1/120*p**j - 1/24*p**4 + p**2 + 0 + 1/10*p**5. Give v(-6).
1
Let v(g) = -5*g**2 + 4*g - 2. Let i = -62 - -64. Determine v(i).
-14
Let m(g) be the third derivative of g**6/120 + 7*g**5/60 + g**4/3 + 4*g**3/3 + 12*g**2. Calculate m(-6).
-4
Let x(l) = l**2 - l. Let f(v) = -6*v**2 + 4*v + 2. Let y(w) = f(w) + 5*x(w). Suppose -14 = -27*g + 34*g. What is y(g)?
0
Let y(a) = -3*a - 6. Let j(g) be the second derivative of 2*g**3/3 + 3*g**2 - 7*g. Let b(i) = -2*j(i) - 3*y(i). Determine b(0).
6
Suppose -64*y + 6 = -63*y. Let g(i) = i**2 - 5*i + 5. Give g(y).
11
Let r(i) = 2*i - 6. Let x(f) = 6*f - 18. Let a(c) = -7*r(c) + 2*x(c). Calculate a(6).
-6
Suppose 4*f - 4*v = 12, 3*f + 15 = v - 4*v. Let b(g) be the first derivative of -3*g**3 - g**2 - g - 338. Calculate b(f).
-8
Suppose -3*c = -4*y - 10 + 33, -5*c = 25. Let q(o) = -4*o + 6*o + 0*o**2 - o**y + 3*o. Calculate q(6).
-6
Suppose 3*s = 4*w + 13, 3*s - 9 = -0*s. Let u(r) = 14*r**3 + 2*r**2 + 2*r + 1. What is u(w)?
-13
Let i(u) be the third derivative of u**4/24 - u**3/3 - 5*u**2. Calculate i(-3).
-5
Let y(n) = -n + 8. Suppose 3*v = 5*g - 19, -2*g + 20 = -0*g + 5*v. Let k(o) = o**2 + o - 5. Let p be k(g). Let d be (1*-2)/((-10)/p). Determine y(d).
3
Let x(y) be the second derivative of y**3/6 + 5*y**2/2 - 82*y. Let k = -11 + 7. What is x(k)?
1
Let c(n) = 7*n**3 + 13*n**2 + 12*n + 4. Let w(b) = -20*b**3 - 38*b**2 - 35*b - 12. Let v(p)